{"id":40,"date":"2019-03-11T16:31:56","date_gmt":"2019-03-11T16:31:56","guid":{"rendered":"http:\/\/faroerne.danmarksveteraner.dk\/?page_id=40"},"modified":"2019-03-11T17:17:18","modified_gmt":"2019-03-11T17:17:18","slug":"vedtaegter","status":"publish","type":"page","link":"https:\/\/faroerne.danmarksveteraner.dk\/?page_id=40","title":{"rendered":"Vedt\u00e6gter"},"content":{"rendered":"\n<p><img decoding=\"async\" loading=\"lazy\" width=\"156\" height=\"180\" class=\"wp-image-38\" style=\"width: 150px;\" src=\"https:\/\/faroerne.danmarksveteraner.dk\/wp-content\/uploads\/2019\/03\/Logo-lokalafdeling-F\u00e6r\u00f8erne.jpg\" alt=\"\"><\/p>\n\n\n\n<p>Danmarks Veteraner<br>Lokalafdeling F\u00e6r\u00f8erne<br>F\u00f8roysk\u00edr Veteranar <\/p>\n\n\n\n<p style=\"text-align:right\">18. februar 2017<br>Rev1. 09 MAR 2019<\/p>\n\n\n\n<ol><li>Foreningens navn:<br>Danmarks Veteraner, Lokalafdeling F\u00e6r\u00f8erne &#8211; F\u00f8roysk\u00edr Veteranar F\u00f8royskir Veteranar (forkortet FO VETS).<br>Foreningens hjemsted er den til enhver tid siddende formands adresse (hjemby).<\/li><li>Form\u00e5l:<br>Det er foreningens form\u00e5l:<br>At samle hjemsendt og tjenstg\u00f8rende personel, der har v\u00e6ret udsendt af Danmark til fredsst\u00f8ttende\/fredsskabende og humanit\u00e6re missioner, for derigennem at styrke og knytte de kammeratlige b\u00e5nd blandt medlemmerne.<br>At medvirke til oplysning om de aktiviteter dansk personel deltager og har deltaget i.<br>At h\u00e6dre veteraner \u2013 herunder afd\u00f8de \u2013 p\u00e5 v\u00e6rdig vis.<br>At deltage i markeringen af s\u00e6rlige begivenheder, s\u00e5vel p\u00e5 landsplan som lokalt.<br> At forvalte de midler der stilles til lokalforeningens r\u00e5dighed.<br> Gennem Veteranst\u00f8tten eller p\u00e5 anden m\u00e5de at hj\u00e6lpe veteraner, som efter hjemkomst fra international tjeneste har behov herfor.<\/li><li>Symboler mv.:<br> -NIL<\/li><li>Medlemmer:<br> Adgang til at blive medlem af lokalforeningen er alle af \u201dRegeringen oktober 2010\u201d n\u00e6vnte definition for \u201dveteran\u201d som er\/eller har v\u00e6ret udsendt af Danmark og deltaget i en international operation, der berettiger til at modtage et veterankort.<br> Endvidere kan optages st\u00f8ttemedlemmer, der m\u00e5tte \u00f8nske det. Disse medlemmer modtager medlemsbladet \u201dBaretten\u201d; men har ikke stemmeret p\u00e5 foreningens besluttende m\u00f8der.<br> Ethvert medlem, der m\u00e5tte g\u00f8re sig skyldig i en, for foreningen van\u00e6rende handling, eller ved sin handling skader foreningens omd\u00f8mme og tarv, kan af lokal- eller landsforeningen indstilles til eksklusion.<br> Under lokalforeningen kan oprettes klubber, som ledes af en klubleder.<br> Klubber er underlagt lokalforeningens vedt\u00e6gter.<br> Ethvert medlem kan indstilles til og tildeles et h\u00e6derstegn. Indstillingen sker til bestyrelsen, som skal godkende indstillingen med mindst 4\/5 flertal.<\/li><li>Kontingent:<br> Foreningskontingentet opkr\u00e6ves af landsforeningen, startende fra 2018<\/li><li>Generalforsamling:<br> Ordin\u00e6r generalforsamling afholdes hvert \u00e5r senest den 31 marts og indkaldes med mindst 14 dages varsel ved meddelelse p\u00e5 lokalforeningens hjemmeside, Facebookprofil og i medlemsbladet \u201cBaretten\u201d med henvisning til lokalforeningens vedt\u00e6gter.<br> Vedt\u00e6gter og dagsorden findes p\u00e5 lokalforeningens hjemmeside. Hvis det \u00f8nskes kan disse forud for generalforsamlingen rekvireres hos lokalforeningens formand, sekret\u00e6r eller kasserer. Personvalg er skriftlige, s\u00e5fremt mindst et medlem af forsamlingen forlanger det. Generalforsamlingens beslutninger tr\u00e6ffes ved simpelt flertal bortset fra vedt\u00e6gts\u00e6ndringer.<br> Dagsorden<br> Valg af dirigent, referent og 2 stemmet\u00e6llere.<br> Formandens beretning.<br> Kassereren freml\u00e6gger regnskab for indev\u00e6rende \u00e5r og budget for det f\u00f8lgende \u00e5r.<br> Indkomne forslag. Forslag skal v\u00e6re bestyrelsen i h\u00e6nde senest 14 dage f\u00f8r generalforsamlingen. Forslaget skal v\u00e6re dateret og underskrevet af forslagsstilleren.<br> Valg.<br> Formand v\u00e6lges i ulige \u00e5r.<br> Kasserer v\u00e6lges i lige \u00e5r.<br> Bestyrelsesmedlemmer v\u00e6lges 2 i lige \u00e5r, 1 i ulige \u00e5r.<br> 2 suppleanter for bestyrelsesmedlemmer v\u00e6lges for 1 \u00e5r.<br> 1 revisor v\u00e6lges for 2 \u00e5r i ulige \u00e5r.<br> 1 revisorsuppleant v\u00e6lges for 2 \u00e5r i lige \u00e5r.<br> Under eventuelt udleveres tildelte jubil\u00e6umstegn og diplomer.<br> Ad k: Disse repr\u00e6senterer sammen med formanden foreningen p\u00e5 det \u00e5rlige repr\u00e6sentantskabsm\u00f8de<\/li><li>Bestyrelsen:<br> Lokalforeningens bestyrelse \u2013 som v\u00e6lges for 2 \u00e5r af gangen \u2013 best\u00e5r af:<br> Formand, kasserer, og tre (3) bestyrelsesmedlemmer<br> Suppleanterne kan deltage i bestyrelsesarbejdet efter bestyrelsens anvisning, men uden stemmeret.<br> En fuldtallig enig bestyrelse kan til enhver tid ekskludere et medlem, uden n\u00e6rmere begrundelse<br> Bestyrelsen konstituerer sig \u2013 ud over den valgte formand og kasserer \u2013 ved f\u00f8rste m\u00f8de efter generalforsamlingen med n\u00e6stformand, sekret\u00e6r, udvalgsform\u00e6nd efter bestyrelsens bestemmelse, samt andre tillidsposter.<br> Bestyrelsen er ansvarlig for lokalforeningens midler og effekter, samt dens virke og trivsel.<br> Bestyrelsen er beslutningsdygtig med mindst 4 (fire) medlemmer samlet.<br> Bestyrelsen tr\u00e6ffer sine afg\u00f8relser ved simpelt stemmeflertal. I tilf\u00e6lde af stemmelighed, er formandens stemme afg\u00f8rende.<br> Bestyrelsesm\u00f8der indkaldes af formanden eller et flertal af bestyrelsen<\/li><li>Rejseudgifter og forplejning:<br> Rejseudgifter og forplejning for deltagelse i m\u00f8der mv., der er indkaldt af Hovedstyrelsen, bliver delvis d\u00e6kket af tilskud fra Landsforeningen. \u00d8vrige rejseudgifter og fort\u00e6ring kan d\u00e6kkes af lokalforeningen i henhold til SKATS regler.<\/li><li>Revisorer:<br> Foreningens regnskabs\u00e5r l\u00f8ber fra 1. januar til 31. december.<br> Den valgte interne revisor foretager revision en gang \u00e5rligt efter regnskabs\u00e5rets afslutning. Uanmeldt kasseeftersyn kan finde sted, n\u00e5r revisor \u00f8nsker det. Dog skal uanmeldt revision foretages mindst en gang \u00e5rligt. Regnskab og status skal forsynes med revisionsp\u00e5tegning af foreningens revisor<\/li><li>Ekstraordin\u00e6r generalforsamling:<br> Bestyrelsen eller 1\/4 af medlemmerne kan forlange indkaldt til ekstraordin\u00e6r generalforsamling ved skriftlig henvendelse til formanden.<\/li><li>Opl\u00f8sning af Lokalforeningen:<br> Lokalforeningen kan kun opl\u00f8ses, dersom medlemstallet kommer under 25, og da kun hvis lokalforeningens medlemmer med 4\/5 stemmer herfor. I tilf\u00e6lde af lokalforeningens opl\u00f8sning skal dens midler og effekter overf\u00f8res til landsforeningen<\/li><li>Tegningsregler:<br> Lokalforeningen tegnes af formanden og mindst et bestyrelsesmedlem i foreningen. I forman-dens forfald indtr\u00e6der n\u00e6stformanden i dennes sted.<br> Foreningens midler administreres dagligt af kassereren, som sammen med formanden st\u00e5r til ansvar for, at foreningens midler anvendes i henhold til vedt\u00e6gterne. Adgang til foreningens midler har kun formanden og kassereren.<br> Kassereren skal have formandens godkendelse ved \u00f8konomiske transaktioner som overstiger 2.000 kr.<br> Foreningen h\u00e6fter kun for sine forpligtelser med sin formue.<br> Ingen medlemmer eller bestyrelsen kan p\u00e5tage sig personlig kaution for foreningens forpligtelser og f\u00f8lger den til enhver tid g\u00e6ldende lovgivning p\u00e5 omr\u00e5det.<br> Ved bestyrelsens konstituering, underskrives et dokument, der bekr\u00e6fter, hvem der er tegningsberettiget s\u00e5ledes at betingelserne for tegningsregler for foreningen opfyldes. Desuden vedl\u00e6gges protokollen for det konstituerende bestyrelsesm\u00f8de.<\/li><li>Medlemskab af andre foreninger:<br> -NIL<\/li><li>Godkendelse eller \u00e6ndring af vedt\u00e6gter:<br> Vedt\u00e6gts\u00e6ndringer kan kun ske p\u00e5 en generalforsamling og skal vedtages med kvalificeret flertal svarende til 2\/3 af de afgivne stemmer.<br> S\u00e5fremt et vedt\u00e6gtsforslag opn\u00e5r simpelt, men ikke kvalificeret flertal, genfrems\u00e6ttes forslaget p\u00e5 en ekstraordin\u00e6r generalforsamling, der afholdes tidligst 3 uger efter, men senest 5 uger efter den ordin\u00e6re generalforsamling. Vedt\u00e6gts\u00e6ndringerne kan herefter vedtages med simpelt flertal.<\/li><li><br> Ovenst\u00e5ende vedt\u00e6gter dateret FEB 2017.<br> Ovenst\u00e5ende vedt\u00e6gter er godkendes snarest af Hovedbestyrelsen.<br> S\u00e5ledes vedtaget p\u00e5 den stiftende generalforsamling 18-02-2017.<\/li><\/ol>\n\n\n\n<p><\/p>\n\n\n\n<p>Ove Ritter, dirigent<\/p>\n\n\n\n<p>Vedt\u00e6gts\u00e6ndringer: Vedt\u00e6gterne af 18. FEB 2017<br><\/p>\n\n\n\n<ol><li>Foreningens navn F\u00f8royskir Veteranar (forkortet FO VETS) i para 1. \u00e6ndres til:<br><em>Danmarks Veteraner, Lokalafdeling F\u00e6r\u00f8erne <\/em>&#8211; I daglig tale F\u00f8royskir Veteranar (forkortet  FO VETS).<\/li><li>Tilf\u00f8jelse af en pasus i paragraf 6 f\u00f8rste afsnit med en tilf\u00f8jelse: \u201d, Facebook profil\u201d .s\u00e5ledes at teksten fremadrettet lyder: Vedt\u00e6gter og dagsorden findes p\u00e5 lokalforeningens hjemmeside Vedt\u00e6gter og dagsorden findes p\u00e5 lokalforeningens hjemmeside, Facebook profil  <\/li><\/ol>\n","protected":false},"excerpt":{"rendered":"<p>Danmarks VeteranerLokalafdeling F\u00e6r\u00f8erneF\u00f8roysk\u00edr Veteranar 18. februar 2017Rev1. 09 MAR 2019 Foreningens navn:Danmarks Veteraner, Lokalafdeling F\u00e6r\u00f8erne &#8211; F\u00f8roysk\u00edr Veteranar F\u00f8royskir Veteranar<\/p>\n","protected":false},"author":1,"featured_media":0,"parent":2,"menu_order":0,"comment_status":"closed","ping_status":"closed","template":"","meta":[],"_links":{"self":[{"href":"https:\/\/faroerne.danmarksveteraner.dk\/index.php?rest_route=\/wp\/v2\/pages\/40"}],"collection":[{"href":"https:\/\/faroerne.danmarksveteraner.dk\/index.php?rest_route=\/wp\/v2\/pages"}],"about":[{"href":"https:\/\/faroerne.danmarksveteraner.dk\/index.php?rest_route=\/wp\/v2\/types\/page"}],"author":[{"embeddable":true,"href":"https:\/\/faroerne.danmarksveteraner.dk\/index.php?rest_route=\/wp\/v2\/users\/1"}],"replies":[{"embeddable":true,"href":"https:\/\/faroerne.danmarksveteraner.dk\/index.php?rest_route=%2Fwp%2Fv2%2Fcomments&post=40"}],"version-history":[{"count":12,"href":"https:\/\/faroerne.danmarksveteraner.dk\/index.php?rest_route=\/wp\/v2\/pages\/40\/revisions"}],"predecessor-version":[{"id":57,"href":"https:\/\/faroerne.danmarksveteraner.dk\/index.php?rest_route=\/wp\/v2\/pages\/40\/revisions\/57"}],"up":[{"embeddable":true,"href":"https:\/\/faroerne.danmarksveteraner.dk\/index.php?rest_route=\/wp\/v2\/pages\/2"}],"wp:attachment":[{"href":"https:\/\/faroerne.danmarksveteraner.dk\/index.php?rest_route=%2Fwp%2Fv2%2Fmedia&parent=40"}],"curies":[{"name":"wp","href":"https:\/\/api.w.org\/{rel}","templated":true}]}}